24 (base 6) to base 13
a15
-1b8b (base 14) to base 10
-5023
4592 (base 10) to base 16
11f0
Convert -13000 (base 9) to base 12.
-5090
Convert -6a7 (base 16) to base 9.
-2302
Convert -227107 (base 8) to base 7.
-441415
What is 10edb (base 15) in base 7?
313244
Convert 2686 (base 10) to base 14.
d9c
What is -1222010 (base 3) in base 2?
-10110011010
Convert -8072 (base 11) to base 6.
-121355
What is 110033 (base 4) in base 9?
1688
What is -22251 (base 9) in base 8?
-34704
a95 (base 11) to base 7
3555
-726b (base 12) to base 11
-9404
Convert -1584 (base 12) to base 6.
-15444
Convert 10111101110101 (base 2) to base 15.
38ee
Convert -328 (base 12) to base 15.
-20e
Convert 26790 (base 10) to base 12.
13606
13060 (base 10) to base 5
404220
What is -1e7 (base 15) in base 4?
-12322
-ad (base 15) to base 9
-201
Convert 202001 (base 7) to base 12.
17a25
What is -747 (base 12) in base 16?
-427
23430 (base 13) to base 6
1214140
What is 35aa (base 11) in base 13?
21bc
db (base 15) to base 9
248
Convert 4d32 (base 16) to base 10.
19762
What is -1948 (base 10) in base 6?
-13004
141254 (base 7) to base 15
7e7b
6b5 (base 12) to base 16
3e9
3a4 (base 15) to base 3
1010201
What is 13 (base 5) in base 12?
8
What is -2214 (base 5) in base 3?
-102110
Convert -8f7 (base 16) to base 8.
-4367
-117 (base 8) to base 13
-61
Convert -7065 (base 9) to base 16.
-142a
32c (base 13) to base 12
395
What is -1080 (base 11) in base 12?
-9a3
What is -86 (base 16) in base 10?
-134
-10001002211 (base 3) to base 8
-164716
40213 (base 5) to base 10
2558
Convert -3ac4 (base 14) to base 9.
-15185
What is 10222 (base 4) in base 5?
2143
105a (base 11) to base 16
574
10257 (base 8) to base 6
31435
2223 (base 7) to base 8
1441
What is 10111110000 (base 2) in base 5?
22040
What is -3814 (base 14) in base 8?
-23132
What is 2273 (base 9) in base 2?
11010010110
Convert -12f67 (base 16) to base 3.
-10221112201
What is -202221 (base 3) in base 6?
-2341
-2001 (base 5) to base 8
-373
What is -42b (base 16) in base 13?
-641
Convert 13230 (base 7) to base 13.
1800
-3701 (base 9) to base 12
-1717
What is -220121 (base 3) in base 8?
-1230
Convert 31601 (base 8) to base 10.
13185
What is 12a63 (base 14) in base 4?
23031333
What is 31655 (base 8) in base 2?
11001110101101
Convert -2341 (base 5) to base 7.
-1003
What is 1122 (base 6) in base 10?
266
What is 35213 (base 6) in base 15?
1769
446 (base 10) to base 8
676
What is 202100 (base 5) in base 4?
1211331
-1002221 (base 3) to base 13
-4a2
What is -12a83 (base 11) in base 7?
-105145
What is -2a8 (base 14) in base 5?
-4130
Convert -188 (base 12) to base 4.
-3320
What is -517 (base 10) in base 6?
-2221
1190 (base 10) to base 5
14230
What is -24452 (base 6) in base 14?
-1476
-238 (base 15) to base 5
-4003
Convert -255 (base 10) to base 16.
-ff
6aef (base 16) to base 8
65357
What is 213337 (base 8) in base 3?
10121221010
What is 5c2 (base 14) in base 5?
14100
2100 (base 4) to base 15
99
Convert 421300 (base 5) to base 4.
3121332
What is 3c81 (base 16) in base 15?
48c9
-10112 (base 6) to base 5
-20330
What is -11234 (base 5) in base 11?
-685
What is -7a2 (base 11) in base 16?
-3bf
What is -4155 (base 6) in base 12?
-65b
Convert 85e7 (base 16) to base 12.
17a07
What is -1ca (base 15) in base 5?
-3130
1301231 (base 4) to base 3
100222112
-2a1 (base 14) to base 5
-4113
What is 89c (base 16) in base 15?
9be
Convert 159 (base 13) to base 8.
363
Convert -20026 (base 7) to base 9.
-6547
What is -4b6 (base 15) in base 12?
-753
Convert -1b8b (base 12) to base 4.
-311123
-151166 (base 7) to base 5
-1414002
What is 111010001110100 (base 2) in base 8?
72164
-4242 (base 5) to base 16
-23c
Convert 10aa (base 16) to base 5.
114031
Convert 24597 (base 10) to base 15.
744c
Convert -a04 (base 13) to base 10.
-1694
4208 (base 9) to base 12
1952
Convert 21327 (base 11) to base 7.
156252
-1148 (base 9) to base 12
-5b2
-111001101010 (base 2) to base 14
-14b8
Convert -100210 (base 7) to base 8.
-41020
Convert -3c (base 16) to base 7.
-114
What is -149 (base 14) in base 12?
-199
What is -210 (base 4) in base 9?
-40
748 (base 9) to base 4
21203
Convert -1100101110 (base 2) to base 10.
-814
-782 (base 16) to base 3
-2122012
Convert -1002100 (base 3) to base 14.
-408
Convert 102 (base 8) to base 2.
1000010
What is 12537 (base 10) in base 13?
5925
What is -4111 (base 5) in base 10?
-531
-4651 (base 15) to base 8
-35116
What is 8a5 (base 15) in base 8?
3643
Convert -7a5 (base 12) to base 2.
-10001101101
What is 1000010011 (base 2) in base 11?
443
6ac4 (base 13) to base 4
3222320
What is -33a8 (base 14) in base 6?
-105304
Convert 175c (base 13) to base 11.
2663
-22b (base 15) to base 16
-1eb
Convert -1093 (base 10) to base 11.
-904
Convert 134463 (base 7) to base 16.
6417
Convert 2a84a (base 12) to base 6.
1141334
5705 (base 10) to base 13
279b
-2010222102 (base 3) to base 7
-234140
What is 220121 (base 3) in base 4?
22120
-322302 (base 4) to base 6
-25230
What is -3624 (base 10) in base 2?
-111000101000
Convert -22221 (base 4) to base 10.
-681
-52013 (base 9) to base 13
-127a7
23464 (base 8) to base 16
2734
Convert -10248 (base 9) to base 2.
-1101001101111
395 (base 14) to base 7
2045
Convert -241 (base 5) to base 8.
-107
Convert -122001 (base 4) to base 11.
-1284
What is 10cc (base 14) in base 16?
b6c
Convert -222 (base 4) to base 9.
-46
Convert -10102 (base 6) to base 4.
-110312
-246441 (base 7) to base 3
-2022102020
Convert -11412 (base 5) to base 2.
-1101011001
221102010 (base 3) to base 9
27363
What is 21a (base 11) in base 16?
107
4330 (base 10) to base 11
3287
Convert 2022 (base 4) to base 16.
8a
What is -4ed4 (base 15) in base 4?
-10013101
Convert -1242410 (base 5) to base 6.
-310254
12321 (base 6) to base 5
24344
Convert -4353 (base 7) to base 2.
-11000010101
-233130 (base 4) to base 7
-11565
What is -3750 (base 11) in base 6?
-34355
Convert 111332 (base 4) to base 5.
21111
Convert 140033 (base 6) to base 2.
11001010110101
Convert 2922 (base 12) to base 3.
20112222
Convert 6a89 (base 13) to base 4.
3222021
What is -123332 (base 7) in base 16?
-5918
What is -1100111100001110 (base 2) in base 16?
-cf0e
Convert -4b7b (base 13) to base 7.
-43224
What is -240 (base 14) in base 3?
-121121
487 (base 13) to base 2
1100010011
-1010111101 (base 2) to base 13
-41c
What is 109b (base 12) in base 11?
142a
Convert -112200221 (base 3) to base 2.
-10100111011101
304 (base 6) to base 13
88
What is -200133 (base 4) in base 7?
-6030
-1434 (base 5) to base 9
-301
What is 90 (base 10) in base 2?
1011010
Convert -189a (base 13) to base 14.
-14a8
Convert 16363 (base 9) to base 7.
44520
Convert 1100000111001 (base 2) to base 10.
6201
What is 183 (base 11) in base 13?
134
-2621 (base 7) to base 6
-4335
What is 916 (base 14) in base 2?
11011111000
Convert 7437 (base 8) to base 2.
111100011111
Convert 21211213 (base 4) to base 11.
27561
Convert -10001212002 (base 3) to base 7.
-341045
3667 (base 16) to base 15
41d7
What is 10303 (base 7) in base 11?
1a0a
Convert -3602 (base 8) to base 7.
-5414
Convert 143 (base 11) to base 13.
cc
206a7 (base 11) to base 8
72655
What is 6664 (base 7) in base 6?
15034
Convert -11111010001 (base 2) to base 4.
-133101
What is -24122 (base 5) in base 4?
-123323
-1d57 (base 16) to base 8
-16527
Convert 6100 (base 8) to base 16.
c40
Convert 1a38 (base 13) to base 7.
14320
What is 1949 (base 15) in base 8?
12535
-683 (base 11) to base 12
-581
111011101111 (base 2) to base 16
eef
What is 1031 (base 8) in base 11?
449
What is -2497 (base 10) in base 3?
-10102111
Convert -15105 (base 9) to base 2.
-10100000110100
Convert 2a0a (base 16) to base 6.
121454
Convert 27711 (base 8) to base 11.
9211
What is -59c (base 15) in base 6?
-5520
Convert 113103 (base 4) to base 5.
21431
What is -111011100000 (base 2) in base 11?
-2952
Convert -567 (base 8) to base 4.
-11313
Convert 532 (base 13) to base 6.
4034
Convert 11132320 (base 4) to base 11.
15965
-462 (base 12) to base 5
-10100
What is -edd (base 15) in base 6?
-23314
What is 2110 (base 8) in base 10?
1096
What is -6a1 (base 13) in base 15?
-515
What is 312000 (base 4) in base 7?
13035
What is 1111101110011 (base 2) in base 16?
1f73
Convert -1c3 (base 15) to base 6.
-1520
What is -2975 (base 16) in base 9?
-15502
Convert 201022 (base 3